 of 23 and n?
23
Let u be 85140/1287 - 4/26. What is the highest common divisor of 682 and u?
22
Let h be (-81 - -66)*-3*(-2)/(-3). What is the highest common factor of h and 190?
10
Suppose 2*a + 0*a = 3*w - 232, 2*w - 144 = -4*a. Calculate the greatest common factor of 19 and w.
19
Let s = 6 + -7. Let a be 70 + s + 3 + 0. What is the highest common factor of 24 and a?
24
Let k(y) = -2*y**2 - 57*y + 83. Let d be k(-29). Let m(h) = -h**3 - 9*h**2 + 6*h + 14. Let j be m(-10). Calculate the highest common divisor of j and d.
54
Suppose 0 = -4*a + g + 56, 27*g - 22*g + 59 = 3*a. Calculate the highest common divisor of 910 and a.
13
Suppose 0 = -4*t - 35 + 119. Suppose 0 = -22*p + t*p + 24. Suppose 5*s - 5 = -2*r, 2*r + 24 = 4*s + 2. What is the highest common divisor of p and s?
3
Suppose 0 = 8*q + q - 297. Let h be (-3 + 2)*(-2)/(6/q). Calculate the greatest common divisor of h and 33.
11
Let l(n) = n**2 + 2*n - 5. Let y be l(-4). Suppose y*b - 15 + 0 = 0. Suppose w = 4*u + b*w - 76, 3*u - 2*w = 42. What is the highest common factor of u and 64?
16
Let i(u) = u**2 - 9*u + 5. Let f be i(9). Let d = -74 + 75. Calculate the greatest common divisor of f and d.
1
Let d be (0 + 26/(-4))/(13/(-26)). Suppose -8*y - 210 = -d*y. What is the highest common divisor of 6 and y?
6
Suppose 4*c + 5 = -k, 5*k = k - 4*c + 40. Let r(p) = 4*p - 15. Let s be r(9). Suppose -4*l + s = -k. Calculate the greatest common factor of 45 and l.
9
Let l(i) = i**2 + 17*i + 49. Let y be l(-24). Suppose 89 = 3*b - 4. What is the highest common factor of b and y?
31
Let w = -78 - -151. Suppose 3*b = 8 + w. Let y be (-1)/(b/28 + -1). Calculate the greatest common factor of 4 and y.
4
Suppose 0 = -10*r - 89 + 1769. Calculate the greatest common divisor of 21 and r.
21
Let b be 3*-2*26/(-12). Suppose -48 = -18*k + 6*k. Let n be 158/b - k/26. Calculate the greatest common factor of 60 and n.
12
Let k be 2/3*45/(-10). Let v be -4*2*k/8. Suppose -v*j = -5*h - 26, 3*j = 4*j + 3*h + 10. What is the greatest common divisor of 6 and j?
2
Let x(b) = 9*b - 1. Suppose 0 = -4*t - y - 0*y + 42, -8 = 4*y. Let j be x(t). Calculate the greatest common divisor of 14 and j.
14
Let i = 18 + -162. Let t be i/(-60) - (-2)/(-5). Let c be ((-118)/5 + t)*-5. Calculate the greatest common factor of 12 and c.
12
Let m = -569 - -1044. What is the highest common divisor of m and 25?
25
Let d be ((-15)/4)/(9/(-24)). Let k(f) = f**2 - f - 9. Let a be k(4). Suppose -a*b = b - 360. What is the greatest common factor of b and d?
10
Let r = -63 + 66. Let x be 2/(r + 1)*(-59 + 77). Calculate the highest common factor of 36 and x.
9
Let q = 38 - 13. Suppose -320 = -q*i + 17*i. Calculate the greatest common divisor of i and 100.
20
Let k be (-77595)/(-84) + (-10)/(-8). What is the greatest common divisor of k and 25?
25
Let t(n) = -3302*n + 1. Let g be t(-2). Let q be (-1)/6 - g/(-30). Let m = 35 + -15. What is the greatest common divisor of q and m?
20
Let r(c) = 2*c**2 + 3*c + 79. Let a be r(21). Calculate the highest common factor of a and 32.
32
Let u = 191 - 172. Suppose t = 3*t, 0 = 4*d + 5*t - 20. Let p be (2/d)/((-6)/(-2280)). Calculate the highest common factor of u and p.
19
Suppose z = 4*l + 2*z - 37, -11 = -l - 2*z. Let c be 78/18 - 2/6. Suppose 178 = c*b + 70. Calculate the highest common divisor of b and l.
9
Suppose 54 = 6*d - 3*d. Suppose -a + d = 2*a. Suppose -a = -v + 8. What is the greatest common divisor of v and 21?
7
Let j be (4/(-10))/((-3)/540). Suppose -9*o - 2*o + 198 = 0. What is the highest common divisor of j and o?
18
Suppose 2*p - 6*p + 168 = 0. Suppose 0 = -4*v - 5*w - 0 + 19, -3*v = 2*w - 16. Calculate the greatest common factor of v and p.
6
Suppose -3*z + 15 = 2*z. Suppose -4*d = -3*n + 49, -z*d = -2*n + n + 8. Let q be ((-10)/15)/(2/(-138)). Calculate the greatest common factor of n and q.
23
Let d(r) = r**3 + 29*r**2 + 35*r + 268. Let s be d(-28). Calculate the highest common divisor of 504 and s.
72
Suppose 42 = g + 2*g. Suppose -2*w + 2 = -4*a, 4 + g = 5*w + 3*a. Suppose -o - 12 = -w*o. What is the greatest common factor of o and 6?
6
Let r be (-22)/5*(-145)/2. Calculate the highest common factor of 29 and r.
29
Suppose -355*q - 315 = -360*q. What is the highest common factor of q and 84?
21
Let n = 450 - 400. Calculate the highest common divisor of n and 275.
25
Let a(c) = -87*c - 519. Let p be a(-7). What is the greatest common factor of 450 and p?
90
Let b = 16 - 12. Suppose -5*h = -10, -3*p + 42 = 2*p - b*h. Calculate the greatest common factor of 20 and p.
10
Suppose n = -2*j - 3*n + 1370, 5*j = 3*n + 3451. What is the highest common factor of 13 and j?
13
Let a(j) = -j**3 - 3*j**2 - 3*j - 4. Let n be a(-4). Calculate the highest common factor of n and 744.
24
Let n be 2/((-6)/4 + 2). Suppose i - 3*j = 31, -6*i + j + 37 = -n*i. What is the highest common factor of 176 and i?
16
Let f(y) = 80*y**2 + 5*y - 3. Let l be f(-3). What is the highest common factor of 54 and l?
54
Let h(i) = i**3 - i**2 - 3*i - 3. Suppose w + 12 = 15. Let j be h(w). What is the greatest common divisor of 24 and j?
6
Suppose 104*o - 36 = 100*o. Calculate the greatest common factor of o and 45.
9
Let c(d) = -d**3 - 6*d**2 - 3*d - 4. Let l be c(-4). Let p = l + 28. Let a = 7 - 6. What is the greatest common divisor of a and p?
1
Suppose -2*d - 10 = -4, 0 = 5*l - 3*d - 239. Calculate the greatest common divisor of 230 and l.
46
Let l be 64/(-112) + (-228)/(-7). What is the greatest common divisor of l and 16?
16
Suppose 0*h + 5*h = 240. Suppose 2*f - 2*x = h, 5*x - 63 = -2*f + 2*x. Let n = 16 + 2. Calculate the highest common divisor of n and f.
9
Let o be 8/(-12) - (-84)/(-9). Let x(m) = -13*m - 20. Let u be x(o). What is the greatest common factor of 11 and u?
11
Let w = 348 + -330. Calculate the highest common factor of w and 1152.
18
Suppose 48*l - 36*l - 96 = 0. Suppose 2*w - 144 = -2*w. What is the greatest common divisor of l and w?
4
Let m(c) = c**3 - 7*c**2 + c + 1. Let b be m(7). Let p be (-1)/(((-8)/28)/(b/14)). What is the highest common factor of p and 2?
2
Suppose y + 2*g - 20 = 0, -71 = -5*y + 3*g + 42. Let z be (-2 + (-50)/(-3))*3. Calculate the greatest common divisor of y and z.
22
Let r(d) = d**3 + 6*d**2 - 7*d + 4. Suppose 4*v - 8 = 4*b, -5*v + 8 = -2*v - 2*b. Let k be r(v). Calculate the highest common factor of 17 and k.
17
Let l be (-1)/3 - (-195)/(-9). Let c = 26 + l. Suppose -c = 5*k - 14. What is the highest common divisor of 3 and k?
1
Suppose 6*i - 3*i = -3. Let p be 52 - ((i + 5)/(-2) - 1). Let h be (1/2)/((-3)/(-30)). Calculate the greatest common divisor of h and p.
5
Let d be 4/(2 + -6)*-15. Let y be (-1 + 21/d)*10. Suppose y*c + 27 = 155. Calculate the greatest common divisor of 80 and c.
16
Let o = -5 + 1. Let t = o - -7. Suppose -i - 2*i = t*f - 6, -5*i = -5*f - 60. Calculate the highest common divisor of 35 and i.
7
Let v be 16/(-56) - (-372)/28. What is the greatest common divisor of 559 and v?
13
Let z(v) = 12*v**2 + 9*v + 21. Let a be z(-5). What is the highest common divisor of a and 36?
12
Suppose -3*k + 3*t = -k + 28, 12 = 3*t. Let p be 20/k - 46/(-4). What is the highest common factor of 63 and p?
9
Suppose f - 158 = -3*f - 2*i, 3*i + 214 = 5*f. Let j = 53 - f. What is the highest common divisor of 96 and j?
12
Let m(n) = -n**3 + 3*n**2 + 12*n + 9. Let o be m(5). What is the highest common divisor of o and 95?
19
Let k(l) = -6*l**2 + 5*l + 281. Let y be k(7). Let p = -26 - -81. What is the highest common factor of y and p?
11
Let v = -69 + 76. Let p be (-15)/(-2)*(9 - v). What is the greatest common divisor of 135 and p?
15
Let h = 470 + -457. Calculate the highest common divisor of 91 and h.
13
Suppose -13*u + 7*u + 6 = 0. Let r be (-1 - -1) + -6 + -1. Let f(b) = -2*b - 3. Let g be f(r). What is the highest common factor of u and g?
1
Suppose 2*r - 3*d = 873, 6*d = 3*r + d - 1311. Calculate the highest common factor of 27 and r.
27
Let k be (2 - 114/102) + (-2)/(-17). Calculate the greatest common divisor of 3 and k.
1
Suppose -f = 2*f + 2*x - 5059, -8427 = -5*f - x. Suppose 5*d + 5*b - f = 0, b + 4*b = -2*d + 686. What is the greatest common factor of 37 and d?
37
Suppose u = -2*t + 413, -10 + 8 = 2*u. Let w = -79 + t. Calculate the highest common divisor